{"id":110,"date":"2020-08-06T23:07:20","date_gmt":"2020-08-06T23:07:20","guid":{"rendered":"http:\/\/cecile-kohler.ch\/?page_id=110"},"modified":"2024-08-18T20:47:17","modified_gmt":"2024-08-18T20:47:17","slug":"ueber-mich","status":"publish","type":"page","link":"https:\/\/cecile-kohler.ch\/index.php\/ueber-mich\/","title":{"rendered":"\u00fcber mich"},"content":{"rendered":"\n<p>Geboren bin ich 1977 in Muri, aufgewachsen mit meinen beiden \u00e4lteren Schwestern in Sulz bei K\u00fcnten\/AG, wo ich die Primarschule besuche. Die Bezirksschule absolvierte ich in Bremgarten und die Kantonsschule in Wohlen. Danach ging es in die Ostschweiz mit dem Studium der Rechtswissenschaften an der Uni St. Gallen (lic. iur. HSG). Seit 2017 bin ich verheiratet mit Patrick und Mutter einer Tochter.<\/p>\n\n\n\n<p>Seit knapp zwanzig Jahren besch\u00e4ftige ich mich als Juristin mit Kindern, Jugendlichen und Familien. W\u00e4hrend acht Jahren war ich Mitglied des Gemeinderates &#8211; damals die j\u00fcngste Gemeinder\u00e4tin im ganzen Kanton und zust\u00e4ndig f\u00fcr die Ressorts Bildung, Forst, Landwirtschaft und Vereine. Vom 3. Dezember 2019 bis am 31. Dezember 2020 durfte ich den Bezirk Lenzburg im Grossen Rat des Kantons Aargau vertreten. Zudem war ich w\u00e4hrend 17 Jahren Vorstandsmitglied einer kleinen im Aargau t\u00e4tigen Krankenkasse. In Lenzburg leben wir seit Januar 2017 und bereits im selben Jahr habe ich mich auch f\u00fcr die Einwohnerratswahlen in Lenzburg zur Verf\u00fcgung gestellt. Das Engagement f\u00fcr die Mittepartei ist seit vielen Jahren eine Herzensangelegenheit. Ein weiteres Anliegen ist die Gleichstellungspolitik, daher bin ich seit 2022 Vorstandsmitglied der Frauenzentrale Aargau. <\/p>\n\n\n\n<p>Die Freizeit verbringe ich gerne mit meiner Familie, per Velo, Inlineskates oder zu Fuss und wenn es die Zeit erlaubt als Tourguide oder auf der Rennstrecke mit meiner KTM. <\/p>\n\n\n\n<figure class=\"wp-block-gallery has-nested-images columns-default is-cropped wp-block-gallery-1 is-layout-flex wp-block-gallery-is-layout-flex\">\n<figure class=\"wp-block-image size-large\"><img loading=\"lazy\" decoding=\"async\" width=\"733\" height=\"431\" data-id=\"254\" src=\"https:\/\/cecile-kohler.ch\/wp-content\/uploads\/2024\/08\/tele.jpg\" alt=\"\" class=\"wp-image-254\" srcset=\"https:\/\/cecile-kohler.ch\/wp-content\/uploads\/2024\/08\/tele.jpg 733w, https:\/\/cecile-kohler.ch\/wp-content\/uploads\/2024\/08\/tele-300x176.jpg 300w\" sizes=\"(max-width: 733px) 100vw, 733px\" \/><\/figure>\n<\/figure>\n\n\n\n<p><\/p>\n","protected":false},"excerpt":{"rendered":"<p>Geboren bin ich 1977 in Muri, aufgewachsen mit meinen beiden \u00e4lteren Schwestern in Sulz bei K\u00fcnten\/AG, wo ich die Primarschule besuche. Die Bezirksschule absolvierte ich in Bremgarten und die Kantonsschule in Wohlen. Danach ging es in die Ostschweiz mit dem Studium der Rechtswissenschaften an der Uni St. Gallen (lic. iur. HSG). Seit 2017 bin ich &hellip; <\/p>\n<p class=\"link-more\"><a href=\"https:\/\/cecile-kohler.ch\/index.php\/ueber-mich\/\" class=\"more-link\"><span class=\"screen-reader-text\">\u201e\u00fcber mich\u201c<\/span> weiterlesen<\/a><\/p>\n","protected":false},"author":1,"featured_media":0,"parent":0,"menu_order":0,"comment_status":"closed","ping_status":"closed","template":"","meta":{"footnotes":""},"class_list":["post-110","page","type-page","status-publish","hentry"],"_links":{"self":[{"href":"https:\/\/cecile-kohler.ch\/index.php\/wp-json\/wp\/v2\/pages\/110"}],"collection":[{"href":"https:\/\/cecile-kohler.ch\/index.php\/wp-json\/wp\/v2\/pages"}],"about":[{"href":"https:\/\/cecile-kohler.ch\/index.php\/wp-json\/wp\/v2\/types\/page"}],"author":[{"embeddable":true,"href":"https:\/\/cecile-kohler.ch\/index.php\/wp-json\/wp\/v2\/users\/1"}],"replies":[{"embeddable":true,"href":"https:\/\/cecile-kohler.ch\/index.php\/wp-json\/wp\/v2\/comments?post=110"}],"version-history":[{"count":9,"href":"https:\/\/cecile-kohler.ch\/index.php\/wp-json\/wp\/v2\/pages\/110\/revisions"}],"predecessor-version":[{"id":255,"href":"https:\/\/cecile-kohler.ch\/index.php\/wp-json\/wp\/v2\/pages\/110\/revisions\/255"}],"wp:attachment":[{"href":"https:\/\/cecile-kohler.ch\/index.php\/wp-json\/wp\/v2\/media?parent=110"}],"curies":[{"name":"wp","href":"https:\/\/api.w.org\/{rel}","templated":true}]}}